e 7, what is 2 + 264650014?
264650016
In base 7, what is -242 - -3461333?
3461061
In base 4, what is 130310232033 + 3?
130310232102
In base 5, what is -111411422310 - -4?
-111411422301
In base 11, what is -9989a2 - -32?
-998970
In base 3, what is 12110021 + 22202212022?
22222022120
In base 2, what is 10101111010001010110100111 + 100?
10101111010001010110101011
In base 10, what is -4 - -1233289?
1233285
In base 4, what is -1001210113 - 3020?
-1001213133
In base 6, what is 4555110 - -135?
4555245
In base 12, what is -15 - 2112594?
-21125a9
In base 12, what is -3 + 402a1ab?
402a1a8
In base 3, what is 121200022 - 22120212?
22002110
In base 14, what is -9 - -bc2801?
bc27d6
In base 4, what is 1013231130232 - 1?
1013231130231
In base 10, what is -2 - -436216?
436214
In base 5, what is -22402100034 + 2?
-22402100032
In base 11, what is 85a3 + -161a?
6a84
In base 13, what is -1b16 + -18c7b?
-1aa94
In base 13, what is 231a4 + -391b?
1c586
In base 11, what is 140 - 2613?
-2483
In base 14, what is 214 - 780?
-56a
In base 15, what is 17e4 + 25dcd?
276c2
In base 6, what is -2301 + 13522?
11221
In base 7, what is 6402 - 115542?
-106140
In base 8, what is -30422 + 2167?
-26233
In base 7, what is 15 + -310146521?
-310146503
In base 5, what is 104100 - -211130?
320230
In base 2, what is -1001100011111001100100 - -110?
-1001100011111001011110
In base 8, what is -4352 + 10245?
3673
In base 16, what is -c + -3ef0?
-3efc
In base 10, what is 2999 + 8972?
11971
In base 2, what is 110011000 + -111010010111?
-110011111111
In base 5, what is 141 - -14034211?
14034402
In base 15, what is -63365 - -3b?
-63329
In base 16, what is 1 + -3f2ebb?
-3f2eba
In base 13, what is 83787 - -421?
83ba8
In base 15, what is -5d1cc + -67?
-5d244
In base 8, what is -1557766 - -4560?
-1553206
In base 4, what is -3033 - -2013213200?
2013210101
In base 12, what is 2a8 + -59652?
-59366
In base 7, what is -3 + -23406314?
-23406320
In base 3, what is -1 - 20002211122022001?
-20002211122022002
In base 8, what is -72561 + -2655?
-75436
In base 9, what is 3288 - -222?
3521
In base 14, what is 69b8 - 349b?
351b
In base 6, what is -2 - 130350104?
-130350110
In base 16, what is 1cd + -3cb8?
-3aeb
In base 9, what is -234303 - -107?
-234185
In base 10, what is 18005 - 694?
17311
In base 15, what is -2260bc + 27?
-226095
In base 12, what is -388a04b + -4?
-388a053
In base 11, what is -5967 + 8434?
2578
In base 11, what is -51958 - -909?
-5104a
In base 2, what is 1011101 + 10000010111000?
10000100010101
In base 9, what is -120346815 - 5?
-120346821
In base 9, what is -1386 - -60338?
57842
In base 7, what is 2666106642 - 1?
2666106641
In base 5, what is -24013241 - -241?
-24013000
In base 4, what is 1112 + -131220122?
-131213010
In base 4, what is 10011312 + 2223202?
12301120
In base 3, what is 100202222 - 22101020?
1101202
In base 2, what is -10001100101000011011110 - -1000?
-10001100101000011010110
In base 9, what is 70282662 + -3?
70282658
In base 6, what is 1001130 + 11141?
1012311
In base 10, what is -3401162 + -3?
-3401165
In base 4, what is 3002303000 - 20?
3002302320
In base 11, what is 12017 + -a?
12008
In base 2, what is -100 + -10010001010100111?
-10010001010101011
In base 6, what is 4 - 32535535?
-32535531
In base 15, what is 1 - -45ed53?
45ed54
In base 5, what is -22210 + 110430?
33220
In base 12, what is 894909 - -5?
894912
In base 3, what is -22100000 - -11011021022?
10211221022
In base 3, what is -1111001110122121002 + -12?
-1111001110122121021
In base 7, what is -2 + 42013056?
42013054
In base 11, what is 19312 - 1748?
17675
In base 9, what is 67 - 251865?
-251787
In base 7, what is 5016252 - -65?
5016350
In base 13, what is -15c3182 + 0?
-15c3182
In base 6, what is -245114 + -3233?
-252351
In base 12, what is 6 - -1326a15?
1326a1b
In base 10, what is 1000834 + 1?
1000835
In base 6, what is -420012 + -13004?
-433020
In base 6, what is 1031 + -325032?
-324001
In base 16, what is -64c427 + 7?
-64c420
In base 2, what is 1011001 + 1101000001011011010?
1101000001100110011
In base 5, what is -20222443 + -242?
-20223240
In base 2, what is -101 + -11001101010010101010?
-11001101010010101111
In base 7, what is 5 - 3421463314?
-3421463306
In base 3, what is 2101002001121 + -11?
2101002001110
In base 12, what is 99427a + -268?
994012
In base 6, what is -233434144 + -13?
-233434201
In base 15, what is -4 + -160484?
-160488
In base 4, what is -10002032 + 21212?
-3320220
In base 6, what is -113 - 4105315?
-4105432
In base 7, what is 5 + -50554243?
-50554235
In base 5, what is 13032314 - -4214?
13042033
In base 11, what is -42 + -47229?
-47270
In base 14, what is -5 + 17ac676?
17ac671
In base 6, what is -4144211 + -153?
-4144404
In base 11, what is -53a9 - 1324?
-6722
In base 8, what is 317164227 - -10?
317164237
In base 2, what is -100 + 1011110010001100000011011000?
1011110010001100000011010100
In base 7, what is -5212634 + 244?
-5212360
In base 6, what is -3540213 + -20213?
-4000430
In base 8, what is 270405062 - 10?
270405052
In base 5, what is 10123233 - 2244?
10120434
In base 2, what is 10 - 111100010111111100011?
-111100010111111100001
In base 6, what is 50503025 + -525?
50502100
In base 15, what is -6 + 5580cb?
5580c5
In base 3, what is -222122111120 - -200002?
-222121211111
In base 6, what is 210 + -350503?
-350253
In base 4, what is -230012201 - 3023?
-230021230
In base 3, what is -2022100221110 + -10101?
-2022101001211
In base 12, what is 4 + 886406?
88640a
In base 13, what is 5 - -3b8751?
3b8756
In base 8, what is -174632330 + -32?
-174632362
In base 3, what is -1000 - 10012120220202?
-10012120221202
In base 5, what is 124 + 1104140323?
1104141002
In base 14, what is -1dc - 2a3d?
-2c3b
In base 5, what is 102033 + -14044312?
-13442224
In base 13, what is 5 + 771175?
77117a
In base 7, what is 121146063 + -3?
121146060
In base 4, what is 10023 + -12322330?
-12312301
In base 12, what is 1 + -913b726?
-913b725
In base 14, what is 3b4 + -286478?
-2860a4
In base 15, what is 0 + 1188809?
1188809
In base 7, what is 0 + 162631316?
162631316
In base 8, what is 2 - 6515310?
-6515306
In base 15, what is -764b3bc + 2?
-764b3ba
In base 4, what is -13033 + -321231?
-1000330
In base 13, what is -9b8339 + -58?
-9b8394
In base 11, what is -27 + 26420a?
264193
In base 14, what is 1053a + 68b?
10bc7
In base 7, what is -23304 - 50326?
-103633
In base 15, what is -42e8 + 1a28?
-27c0
In base 10, what is -1 - 11130945?
-11130946
In base 8, what is 4200524 - -6?
4200532
In base 14, what is 1170cb - -69?
117156
In base 13, what is 5 - 1a06053?
-1a0604b
In base 5, what is 144112 + 110124?
304241
In base 8, what is 5562004 + 316?
5562322
In base 6, what is 11005540455 + -5?
11005540450
In base 2, what is 101000100110 - -1000101011?
110001010001
In base 15, what is 1109b70a - 5?
1109b705
In base 16, what is -28c9b - -1036?
-27c65
In base 13, what is 2 + 150127c?
1501281
In base 10, what is -11653 + 9010?
-2643
In base 13, what is -3 - -312716?
312713
In base 9, what is -235044821 - 4?
-235044825
In base 4, what is -11 + 2333032112012?
2333032112001
In base 4, what is -12 - 30102302032?
-30102302110
In base 15, what is b - -a85ecb?
a85ed7
In base 7, what is 35 + 5141142?
5141210
In base 14, what is -1c + -3c1c75?
-3c1c93
In base 12, what is 67 + 1246?
12b1
In base 15, what is -20ea - -794?
-1856
In base 15, what is -c46d4 - 7?
-c46db
In base 13, what is -3827c - -14b1?
-36a9b
In base 4, what is 100030030111 - 11?
100030030100
In base 13, what is -1 + -100b3b7c?
-100b3b80
In base 6, what is 2 - -30405555?
30410001
In base 14, what is cd377 + 12?
cd389
In base 12, what is -b5b19 + -632?
-b654b
In base 5, what is -22331 + 2011?
-20320
In base 11, what is -16a8221 + 19?
-16a8203
In base 10, what is 263 + 4023?
4286
In base 12, what is 9b508 - -11?
9b519
In base 11, what is -10849755 + -4?
-10849759
In base 10, what is -4784 + -108460?
-113244
In base 16, what is -d0b - 82b?
-1536
In base 12, what is -2367 - 11500?
-13867
In base 3, what is -11202112122211 - 101?
-11202112200012
In base 6, what is 4 + 54032354?
54032402
In base 16, what is 1ff9 + a8?
20a1
In base 3, what is 11111022021220012 + -12?
11111022021220000
In base 11, what is -734a + 172?
-7188
In base 11, what is 9 - 886461?
-886453
In base 2, what is -1001011 +